d 48?
12
What is the greatest common divisor of 12690 and 1645?
235
What is the highest common divisor of 33 and 649?
11
Calculate the highest common factor of 72 and 288.
72
Calculate the highest common factor of 624 and 65.
13
What is the highest common factor of 2 and 8?
2
What is the greatest common divisor of 1378 and 26?
26
What is the greatest common factor of 924 and 99?
33
What is the greatest common factor of 176 and 99?
11
Calculate the highest common factor of 82 and 41.
41
What is the greatest common factor of 12992 and 14?
14
What is the highest common factor of 48 and 528?
48
Calculate the greatest common factor of 768 and 1088.
64
Calculate the highest common factor of 63 and 18.
9
Calculate the highest common divisor of 108 and 4428.
108
What is the highest common factor of 581 and 287?
7
Calculate the highest common divisor of 112 and 28.
28
What is the highest common divisor of 5676 and 132?
132
Calculate the greatest common factor of 374 and 204.
34
What is the greatest common divisor of 326 and 14833?
163
What is the greatest common factor of 161 and 115?
23
What is the greatest common divisor of 40 and 1620?
20
What is the greatest common factor of 738 and 328?
82
Calculate the highest common divisor of 5293 and 316.
79
What is the highest common divisor of 90 and 1665?
45
What is the highest common factor of 549 and 8357?
61
What is the highest common divisor of 5915 and 35?
35
Calculate the highest common factor of 84 and 276.
12
Calculate the greatest common factor of 16 and 752.
16
Calculate the greatest common divisor of 3 and 150.
3
What is the highest common divisor of 123 and 287?
41
What is the greatest common divisor of 32 and 304?
16
What is the highest common factor of 63 and 49?
7
Calculate the highest common factor of 32 and 400.
16
Calculate the highest common factor of 4212 and 27.
27
What is the highest common factor of 11122 and 1474?
134
What is the highest common divisor of 11300 and 25?
25
Calculate the greatest common factor of 189 and 135.
27
What is the highest common divisor of 54 and 378?
54
Calculate the greatest common divisor of 11 and 297.
11
What is the highest common divisor of 1695 and 255?
15
Calculate the greatest common divisor of 39271 and 346.
173
Calculate the highest common divisor of 44 and 13519.
11
What is the greatest common divisor of 90 and 2830?
10
What is the greatest common divisor of 806 and 527?
31
What is the greatest common factor of 106 and 14?
2
Calculate the highest common factor of 6 and 1842.
6
Calculate the greatest common divisor of 1020 and 40.
20
Calculate the greatest common divisor of 308 and 44.
44
What is the highest common factor of 2369 and 309?
103
What is the greatest common factor of 18 and 66?
6
Calculate the highest common factor of 30 and 21675.
15
Calculate the greatest common factor of 12 and 16.
4
What is the highest common factor of 66 and 363?
33
What is the highest common divisor of 32 and 48?
16
What is the highest common factor of 104 and 6136?
104
Calculate the greatest common divisor of 96 and 60.
12
What is the greatest common divisor of 52 and 494?
26
What is the greatest common divisor of 738 and 82?
82
What is the highest common divisor of 31 and 403?
31
Calculate the highest common divisor of 592 and 2516.
148
Calculate the greatest common factor of 3 and 1821.
3
Calculate the highest common factor of 36 and 5316.
12
Calculate the greatest common divisor of 144 and 1692.
36
Calculate the greatest common divisor of 1295 and 370.
185
Calculate the highest common factor of 205 and 533.
41
What is the greatest common divisor of 153 and 408?
51
Calculate the greatest common divisor of 1425 and 2451.
57
What is the highest common factor of 3685 and 495?
55
What is the highest common divisor of 62 and 1085?
31
What is the greatest common divisor of 9 and 153?
9
What is the greatest common factor of 3888 and 48?
48
What is the greatest common divisor of 20 and 44?
4
Calculate the highest common divisor of 166 and 1.
1
What is the highest common factor of 5226 and 858?
78
What is the highest common divisor of 68 and 1037?
17
Calculate the greatest common factor of 78 and 8294.
26
Calculate the greatest common factor of 6756 and 96.
12
What is the highest common factor of 259 and 14?
7
What is the greatest common factor of 1449 and 252?
63
Calculate the highest common divisor of 387 and 261.
9
Calculate the greatest common divisor of 198 and 1683.
99
Calculate the highest common divisor of 6322 and 1308.
218
Calculate the highest common divisor of 234 and 2418.
78
What is the greatest common factor of 34001 and 22?
11
What is the greatest common factor of 396 and 176?
44
Calculate the highest common divisor of 1298 and 66.
22
Calculate the highest common factor of 162 and 6.
6
What is the greatest common divisor of 1078 and 196?
98
Calculate the highest common factor of 105 and 2130.
15
Calculate the highest common divisor of 75 and 50.
25
Calculate the highest common factor of 41 and 5.
1
Calculate the greatest common divisor of 67 and 536.
67
What is the highest common divisor of 459 and 3?
3
Calculate the highest common divisor of 32 and 6056.
8
What is the greatest common factor of 3 and 243?
3
Calculate the greatest common divisor of 122 and 854.
122
Calculate the greatest common divisor of 80470 and 130.
130
Calculate the highest common divisor of 336 and 2100.
84
Calculate the greatest common factor of 60 and 16.
4
Calculate the greatest common factor of 2806 and 46.
46
What is the highest common factor of 1 and 23?
1
What is the highest common divisor of 11 and 1342?
11
What is the highest common divisor of 21850 and 76?
38
What is the greatest common divisor of 24 and 128?
8
Calculate the greatest common divisor of 5 and 2305.
5
Calculate the highest common divisor of 14 and 16702.
14
What is the greatest common divisor of 29417 and 23?
23
Calculate the greatest common factor of 8 and 1.
1
What is the greatest common factor of 323 and 247?
19
What is the greatest common factor of 570 and 210?
30
Calculate the greatest common factor of 98 and 4.
2
What is the greatest common factor of 45 and 18?
9
What is the greatest common divisor of 1411 and 166?
83
What is the highest common divisor of 12 and 17196?
12
What is the highest common factor of 2080 and 104?
104
What is the greatest common factor of 234 and 36621?
117
What is the greatest common factor of 6804 and 3564?
324
Calculate the highest common divisor of 282 and 30.
6
What is the greatest common divisor of 83 and 415?
83
Calculate the greatest common factor of 100 and 4.
4
What is the greatest common factor of 36 and 14?
2
Calculate the greatest common factor of 3841 and 23.
23
What is the greatest common factor of 70 and 9670?
10
Calculate the highest common divisor of 116 and 120.
4
Calculate the greatest common divisor of 16 and 112.
16
What is the greatest common factor of 3 and 39?
3
What is the highest common divisor of 15 and 16845?
15
Calculate the highest common factor of 510 and 570.
30
Calculate the greatest common factor of 98 and 56.
14
What is the highest common factor of 4218 and 57?
57
Calculate the greatest common divisor of 37268 and 84.
28
Calculate the greatest common factor of 522 and 1537.
29
Calculate the highest common factor of 7540 and 520.
260
Calculate the highest common divisor of 1175 and 94.
47
Calculate the greatest common divisor of 486 and 54.
54
What is the greatest common divisor of 19 and 513?
19
What is the greatest common divisor of 20 and 780?
20
Calculate the highest common factor of 16 and 25744.
16
What is the greatest common factor of 4033 and 327?
109
What is the greatest common divisor of 196 and 175?
7
Calculate the highest common divisor of 160 and 64.
32
What is the highest common factor of 621 and 63?
9
Calculate the highest common factor of 7306 and 78.
26
Calculate the greatest common divisor of 25 and 45.
5
What is the highest common divisor of 60 and 20205?
15
Calculate the highest common divisor of 186 and 6.
6
What is the highest common divisor of 46 and 138?
46
Calculate the greatest common divisor of 140 and 5110.
70
What is the highest common divisor of 6802 and 38?
38
Calculate the greatest common divisor of 2060 an